= -271 - m. List the prime factors of s.
167
Suppose 8 = -m + 5*m - v, 0 = 2*m + 2*v - 4. Suppose 5*o = 25, -m*n - 9*o + 6*o = -2389. What are the prime factors of n?
1187
Suppose -4455 = 10*n + 2235. Let p = n - -1045. List the prime factors of p.
2, 47
List the prime factors of (-5 - (47 - 54)) + 18865 + -1.
2, 9433
Suppose 3*x = x + y + 6737, -2*x + 6741 = -5*y. List the prime factors of x.
2, 421
Let c = -65913 + 113651. List the prime factors of c.
2, 23869
Let i = 16 - 4. Suppose 2*q - f = 4, i + 6 = 4*q + 3*f. Suppose y = -q*y + 220. What are the prime factors of y?
5, 11
Let m = 32 - -7. Let o = m - 34. Suppose -2*l = v - 167, -3*v + 509 = -o*l + 3*l. What are the prime factors of v?
13
List the prime factors of 7/((-588)/(-192)) + (-6)/21 - -37269.
13, 47, 61
Let i = 7831 - 155. List the prime factors of i.
2, 19, 101
Let o(p) = 33*p + 155. Let c be o(-14). Let s = c + 546. List the prime factors of s.
239
Suppose 9*u + 8*u - 82054 = 70215. List the prime factors of u.
13, 53
Let w(v) = -1707*v - 44. List the prime factors of w(-2).
2, 5, 337
Suppose -2644 = 6*h - 10*h. Suppose -5*u - h = -91. Let v = u + 187. What are the prime factors of v?
73
Suppose 2*w = 5*n - 3*w - 205, 5*n = -3*w + 197. Suppose -n = 12*f - 16*f. Suppose -2*b + f*b - 336 = 0. What are the prime factors of b?
2, 3, 7
Let x = -41 + 86. Let s = x - 49. Let j(d) = -32*d + 6. List the prime factors of j(s).
2, 67
List the prime factors of (82370/(-1))/(1 + -3).
5, 8237
Suppose -1496 = 2*p - 10*p. Suppose b - 153 = p. Suppose b = 10*n - 8*n. What are the prime factors of n?
2, 5, 17
Suppose 0 = 2*z - 2*w - 62608, 76*w - 79*w = 4*z - 125244. What are the prime factors of z?
2, 3, 2609
Suppose -124822 - 282608 = -31*y + y. List the prime factors of y.
3, 503
Suppose -4*l + 16 = -2*a, a - 4*l = 8 - 26. Suppose 4*r = a*j, r + j = -3*r. Suppose -3*s + 8*s - 35 = r. What are the prime factors of s?
7
Suppose -6 = -3*i, 2*n - 5 - 3 = 4*i. Suppose -n + 2 = o. List the prime factors of 2/o + 1552/12 + 2.
131
Let d(s) = -5 - 7 - 6 - 2*s + 5. Let w be d(-9). Suppose 28 = w*a - 647. List the prime factors of a.
3, 5
Suppose -51*j = -49*j. Suppose -5*v + 2*p + 388 = -j*p, -96 = -v + 5*p. List the prime factors of (2 + -2)/4 + v*1.
2, 19
Let r(d) = 49*d + 126. Let p(w) = 10*w + 25. Let j(c) = -11*p(c) + 2*r(c). Let m be j(14). Let u = -105 - m. List the prime factors of u.
2, 43
Suppose 9868*k - 9875*k + 182469 = 0. What are the prime factors of k?
3, 8689
Suppose -7*y - 4368 = -4*j - 3*y, 2*j - 2199 = -y. Let m = j + -535. List the prime factors of m.
2, 281
What are the prime factors of 5020 + 0 + (14 - 10 - 3)?
5021
Suppose -12*f = 23*f - 21*f - 183946. What are the prime factors of f?
7, 1877
What are the prime factors of (-10 + 15 - 4)*(1 - -1236)?
1237
Suppose -m = v - 626, -3*m - 487 = -v + 139. Let i = 1212 - v. What are the prime factors of i?
2, 293
Let q(s) = -s - 14. Let p be q(3). Let v = 154 + p. Suppose -100 = -3*d + v. List the prime factors of d.
79
Let s(w) = 6*w**3. Let p be s(1). Suppose 0 = 3*f - 3*k - 6, 2*f + 0 + p = -3*k. Suppose f = -3*a - 3*v, -2*a - 3*v - 3 = -1. List the prime factors of a.
2
Let t = -230 - -233. Suppose 63 - 414 = -t*c. What are the prime factors of c?
3, 13
Suppose -10*b = -7*b - 69. Let v(q) = 10*q**2 + 3*q - 5. Let k be v(-2). Let p = k + b. What are the prime factors of p?
2, 13
Let q(o) be the first derivative of 33*o**4/4 + 2*o + 68. List the prime factors of q(2).
2, 7, 19
Let u = 34 + -13. Let w = -21 + u. Suppose 390 = 4*f - w*p + 2*p, 4*p = 5*f - 507. What are the prime factors of f?
3, 11
Let u(r) = -r**3 - 4*r**2 + r + 12. Let w(j) = -j**2 - 1. Let y(f) = u(f) + 3*w(f). Let p be y(-7). Suppose 0 = p*o - 5 - 27. What are the prime factors of o?
2
Suppose -93*n + 95*n + 4*u = 20546, 3*u + 41081 = 4*n. What are the prime factors of n?
10271
Let f be (6/(-8))/((-3)/12). Suppose -2*n - 2*i = 548, 3*n - f*i = -5*i - 821. Let q = n - -385. List the prime factors of q.
2, 7
Let m be (-1 - 0) + (3 - 2) - -302. Suppose 5*p - 2*b - 763 = 0, 0*p - m = -2*p + 4*b. List the prime factors of p.
3, 17
Let l(a) = 16*a**3 + 4*a**2 + 8*a - 1. Let k be l(5). Suppose -200*b = -203*b + k. List the prime factors of b.
23, 31
Let z = 22689 - 16869. What are the prime factors of z?
2, 3, 5, 97
What are the prime factors of 2/4*(20 - -58028)?
2, 907
Suppose 5*l - 3*c + 54 - 513 = 0, -4*c - 282 = -3*l. List the prime factors of l.
2, 3, 5
Let k be (-4 - -1) + 1 - (-1491)/3. Suppose 3*o + o = -5*h + 16, -h = -3*o - 7. Suppose h*a - k = 4*u - 79, 0 = 4*a - u - 428. List the prime factors of a.
2, 3
Suppose 0 = 5*z - 15 + 25, 5*z = -w - 215. List the prime factors of 10/2 - w - 5/1.
5, 41
Suppose 3*q - 278681 = -7*b + 8*q, -2*b - q = -79611. What are the prime factors of b?
2, 311
Suppose -t = 3*t - t. Let c(z) = z**2 - z + 3. Let u be c(t). Let k(i) = 10*i - 12. List the prime factors of k(u).
2, 3
Let a be 2/8 + 1826/88 + 18. Suppose w = 4*b + 7, -33 - 48 = -3*w - 3*b. Let f = a - w. What are the prime factors of f?
2
Suppose -q = -4*x - 20, 2*q - 2*x = 19 + 15. Suppose 12*r - q*r = -4. List the prime factors of ((-9)/6*r)/(2/(-36)).
3
List the prime factors of -1 - 5 - ((-8)/1 + 46283)*-1.
3, 53, 97
Let u(d) = 5*d**3 + 16*d**2 + 35*d + 70. What are the prime factors of u(17)?
2, 11, 23, 59
Let b be 2/8 - (-15675)/100. Suppose -y + b = -118. What are the prime factors of y?
5, 11
Let m be 4 + 1 - 24/8. Suppose -130 = 5*q + 3*g - 1110, m*g = 0. Suppose 2*s = u - q, -5*u + 4*s = -2*u - 596. List the prime factors of u.
2, 3, 17
Let c be 2*1/4 - 741/78. Let u be 1161/c - -1*2. Let v = 59 - u. What are the prime factors of v?
2, 3, 31
Suppose 5*s - 21130 = -5*w, -3*s + 8449 = -2*w + 4*w. List the prime factors of w.
4229
Let c(b) = 52*b**3 + 7*b**2 - 52*b + 156. What are the prime factors of c(7)?
17971
Suppose -7*a + 4*a + 5*t = -62239, -3*a = -4*t - 62234. What are the prime factors of a?
2, 10369
Let q(n) = -2*n**3 + 17*n**2 + 4*n + 54. Let v be q(9). Suppose -o + 3*z + 374 = 0, 10 = v*z - 7*z. What are the prime factors of o?
389
Suppose -5*c = -2*z + 20893, -20911 = 32*z - 34*z - c. What are the prime factors of z?
2, 5227
Suppose 224*j - 211*j - 83109 = 0. What are the prime factors of j?
3, 2131
Let v(j) be the second derivative of -17*j**3 - 501*j**2/2 - 2*j - 12. What are the prime factors of v(-14)?
3, 103
Suppose -4*t - 2987 = -5*u, 18*u + 2254 = -3*t + 19*u. Let v = t - -792. List the prime factors of v.
3, 13
Suppose 3*d + 2*d - 3341 - 559 = 0. List the prime factors of d.
2, 3, 5, 13
Suppose 0 = 5*w + 4697 - 1827. Let o = w - -1010. What are the prime factors of o?
2, 109
Let i = 266 - -460. Suppose -2*o + 13*o = i. What are the prime factors of 0 + o + 12/3?
2, 5, 7
Let q = 119 + -108. Let k(s) = 20*s - q + 12 + 3 + 22. List the prime factors of k(8).
2, 3, 31
Let g = -43 + 49. Let z be 15/g*1*(-36)/(-30). Suppose z*b = 4*f + 105, b - 102 = -2*b + 3*f. What are the prime factors of b?
31
Let l(r) = r**2 - 2*r + 11. Suppose -y + 12 = 3*u, -2*u + 14 - 40 = -5*y. Let d be l(y). Let m = 51 + d. List the prime factors of m.
2, 43
Let j(t) = -17*t + 185. Let u(l) = 17*l + 44. Let z be u(-2). List the prime factors of j(z).
3, 5
What are the prime factors of (-1845869)/(-209) + 1/11?
2, 3, 23
Suppose 3*k - 22*w + 18*w - 1382 = 0, k - 474 = 4*w. Suppose -2*p + k = -4*a - 576, 4*p - 2036 = 2*a. What are the prime factors of p?
3, 13
Let k(c) = 2*c - 29. Let z(h) = -2*h + 20. Let i(m) = -2*k(m) - 3*z(m). Let p be (6/(-8))/((-1)/4). List the prime factors of i(p).
2
Let j(l) = 3*l**2 - 2*l - 3. Let f be j(-1). Suppose u = -f*u - 0*u. Suppose u = 2*v + 3*v - 60. List the prime factors of v.
2, 3
Suppose -86*j + 26052 = -76*j - 176808. What are the prime factors of j?
2, 3, 7, 23
Suppose -1298946 - 20708251 + 2468769 = -338*j. List the prime factors of j.
2, 7, 4129
Let w(n) be the first derivative of 2*n**3/3 - 3*n**2/2 - 29. Let r be w(2). Suppose -3*h = -r*v + 34, -2*h + 42 = 2*v - 2. What are the prime factors of v?
2, 5
Suppose 5*t = 2*t + 192. Suppose t = -3*y - 218. Let m = y - -166. List the prime factors of m.
2, 3
Let j = -82 - -395. Suppose -305*y + j*y = 5120. List the prime factors of y.
2, 5
Let g(o) = 21*o**2 + 53*o + 446. What are th